osite number?
False
Is 206067611 a prime number?
True
Is 3897791 composite?
True
Is 28987783 composite?
True
Is 3779522 composite?
True
Is 2052553 prime?
True
Is 2566646 composite?
True
Is 155527733 a composite number?
True
Is 573676397 composite?
True
Is 768817381 prime?
True
Is 2743553 a prime number?
False
Is 631256617 prime?
True
Is 982237 a prime number?
False
Is 2065963 a prime number?
False
Is 2895547 composite?
True
Is 22354807 a prime number?
True
Is 10020469 a prime number?
True
Is 34559671 a prime number?
False
Is 36833087 a composite number?
False
Is 50909 prime?
True
Is 432631 a composite number?
False
Is 10683749 a composite number?
True
Is 13565789 a composite number?
False
Is 14765057 a prime number?
False
Is 90281 composite?
False
Is 242371 composite?
False
Is 2723461 prime?
False
Is 14558197 a prime number?
True
Is 185891 composite?
True
Is 9514331 a composite number?
False
Is 19602413 a composite number?
True
Is 173554529 a composite number?
True
Is 37500959 prime?
True
Is 2422397 a prime number?
False
Is 110719093 a composite number?
False
Is 835661 composite?
False
Is 26166103 prime?
True
Is 2305437 a composite number?
True
Is 725023987 prime?
False
Is 103579639 a prime number?
True
Is 410261 prime?
False
Is 168860543 composite?
True
Is 31019041 a composite number?
False
Is 7963369 composite?
False
Is 28919749 prime?
False
Is 546466469 a composite number?
False
Is 1735127 composite?
True
Is 185581 a composite number?
True
Is 1714561 a composite number?
True
Is 1404089 a composite number?
True
Is 196459 prime?
True
Is 7546379 prime?
False
Is 22025643 a composite number?
True
Is 544667 a composite number?
False
Is 218983441 prime?
True
Is 6658643 a prime number?
False
Is 1203493 a prime number?
True
Is 20484671 a prime number?
True
Is 74896609 a composite number?
False
Is 33324947 a prime number?
False
Is 57101753 a prime number?
False
Is 4011421 a composite number?
True
Is 1985307 prime?
False
Is 11212031 a composite number?
True
Is 435333089 a prime number?
False
Is 81407527 a composite number?
False
Is 3398851 a prime number?
True
Is 1879723 a prime number?
True
Is 68744729 composite?
False
Is 3259199 a composite number?
False
Is 2286851 composite?
True
Is 112879433 a prime number?
True
Is 11560343 composite?
False
Is 1155499 composite?
False
Is 28563011 prime?
True
Is 42224915 prime?
False
Is 1367749 prime?
True
Is 25764719 a prime number?
True
Is 58849337 a composite number?
False
Is 13718929 prime?
False
Is 9542713 prime?
False
Is 65003719 prime?
False
Is 3330251 a composite number?
False
Is 2871299 a composite number?
True
Is 73843993 prime?
False
Is 393674069 prime?
False
Is 18188167 prime?
True
Is 16026307 prime?
False
Is 2623529 composite?
False
Is 253674467 a composite number?
False
Is 6289121 a prime number?
True
Is 3326579 a prime number?
False
Is 2506069 composite?
False
Is 109209781 a prime number?
True
Is 193421 composite?
True
Is 20485694 a prime number?
False
Is 22107373 prime?
False
Is 6087787 prime?
True
Is 12846761 a prime number?
False
Is 68716237 composite?
True
Is 5032277 prime?
False
Is 436261 composite?
True
Is 19250893 a composite number?
False
Is 275940257 a composite number?
True
Is 55349731 prime?
False
Is 78386801 a prime number?
True
Is 45623269 composite?
True
Is 57327423 a composite number?
True
Is 240191 composite?
True
Is 54302411 prime?
True
Is 43382758 composite?
True
Is 221344339 prime?
False
Is 3558259 prime?
True
Is 360592799 a prime number?
False
Is 3643031 prime?
False
Is 29367089 a composite number?
False
Is 23958866 a composite number?
True
Is 18225733 prime?
True
Is 19845593 a composite number?
True
Is 31343867 prime?
False
Is 10161551 a composite number?
False
Is 1192673 prime?
True
Is 1305229 a composite number?
False
Is 19908617 a composite number?
False
Is 96596083 composite?
False
Is 4206929 a composite number?
False
Is 17599241 a prime number?
False
Is 237857005 composite?
True
Is 312154757 a composite number?
False
Is 39967457 prime?
False
Is 30378965 composite?
True
Is 92751353 a prime number?
False
Is 256772597 prime?
False
Is 820067 prime?
True
Is 159558877 a prime number?
False
Is 62333 prime?
False
Is 1068421 composite?
True
Is 376325117 prime?
False
Is 84827917 a prime number?
False
Is 451747 a prime number?
True
Is 181387639 composite?
False
Is 858227 a composite number?
True
Is 62117 a composite number?
True
Is 4190837 prime?
False
Is 27039406 prime?
False
Is 889871 composite?
False
Is 558992801 prime?
True
Is 119200285 composite?
True
Is 83759411 prime?
True
Is 24427451 a prime number?
False
Is 6372791 composite?
True
Is 840551 a prime number?
False
Is 2767697 composite?
False
Is 14619163 a composite number?
True
Is 6202177 prime?
True
Is 573317 a composite number?
False
Is 2516161 a prime number?
False
Is 238074773 prime?
True
Is 22170179 composite?
False
Is 578327 prime?
True
Is 40722203 prime?
False
Is 953941 a prime number?
True
Is 731369 composite?
False
Is 14786869 composite?
False
Is 8763701 a prime number?
False
Is 372447601 composite?
False
Is 122443 a composite number?
False
Is 174516799 a composite number?
False
Is 8506111 a composite number?
True
Is 793298705 composite?
True
Is 9735889 composite?
False
Is 25433211 a composite number?
True
Is 8696735 prime?
False
Is 118127 a composite number?
False
Is 32338329 composite?
True
Is 164641835 composite?
True
Is 7422949 prime?
True
Is 13003213 a prime number?
False
Is 157193557 composite?
True
Is 13203439 a composite number?
True
Is 3602549 composite?
False
Is 140701081 a composite number?
False
Is 70123409 a prime number?
True
Is 14596411 prime?
False
Is 12499519 a prime number?
True
Is 4202987 prime?
False
Is 3716263 a prime number?
False
Is 2120513 prime?
True
Is 10457389 a prime number?
True
Is 100361297 a prime number?
True
Is 4985219 prime?
False
Is 532512503 prime?
True
Is 99148073 a composite number?
False
Is 26861251 prime?
True
Is 20450197 composite?
True
Is 1201201 a composite number?
False
Is 753199 a composite number?
True
Is 333581 a composite number?
False
Is 13866659 composite?
False
Is 4329209 a prime number?
True
Is 670367 a prime number?
False
Is 115886362 composite?
True
Is 92978789 composite?
False
Is 7857719 prime?
True
Is 26987057 prime?
True
Is 2966263 a composite number?
True
Is 1633679 prime?
True
Is 8106731 a prime number?
False
Is 10515823 prime?
False
Is 624961 a composite number?
False
Is 20151982 a prime number?
False
Is 2157641 a composite number?
False
Is 601801 composite?
False
Is 12793817 a prime number?
True
Is 19477301 composite?
False
Is 472031 a prime number?
False
Is 30053669 a composite number?
True
Is 453950747 prime?
False
Is 6732358 composite?
True
Is 35189707 a composite number?
True
Is 21275461 a prime number?
True
Is 393257 a prime number?
True
Is 11757287 prime?
True
Is 89393951 prime?
False
Is 3344213 prime?
True
Is 50348927 a prime number?
True
Is 35763517 composite?
False
Is 18518737 composite?
True
Is 3681479 composite?
True
Is 27905963 a prime number?
True
Is 10019149 prime?
False
Is 2166451 composite?
True
Is 116820813 a composite number?
True
Is 10651877 prime?
False
Is 49835813 a composite number?
False
Is 124545881 composite?
False
Is 21670879 a prime number?
True
Is 176889 composite?
True
Is 5744261 a composite number?
False
Is 14656573 a composite number?
True
Is 279577877 a composite number?
True
Is 74445419 a composite number?
False
Is 104390567 prime?
False
Is 121083883 prime?
False
Is 224049773 a prime number?
False
Is 15260251 a composite number?
False
Is 441412963 composite?
True
Is 170763 a composite number?
True
Is 278723897 prime?
False
Is 3279673 a composite number?
False
Is 31683307 a prime number?
False
Is 36572889 composite?
True
Is 187844185 a composite number?
True
Is 7202269 prime?
True
Is 111296221 composite?
False
Is 6953593 composite?
True
Is 1271016967 prime?
False
Is 117054563 prime?
True
Is 7912603 composite?
False
Is 33405967 composite?
True
Is 1829389 composite?
False
Is 6984581 a prime number?
True
Is 11850701 a prime number?
True
Is 32410991 a composite number?
True
Is 746401 a composite number?
True
Is 156577 prime?
True
Is 48839801 composite?
False
Is 34457207 a prime number?
False
Is 102240871 composite?
False
Is 137